 is 4 - -361622?
361626
In base 13, what is 8577 + 11?
8588
In base 14, what is 88d960 + -2?
88d95c
In base 6, what is -5245420 - -14?
-5245402
In base 9, what is -415342 - 3?
-415345
In base 6, what is 3 + -25121?
-25114
In base 15, what is -11033e - 2?
-110341
In base 11, what is 36 - a396?
-a360
In base 6, what is 132 - 231250?
-231114
In base 5, what is -14 - 422030?
-422044
In base 4, what is 112321 + -2123?
110132
In base 11, what is -a + 75472?
75463
In base 7, what is -6646 - -101?
-6545
In base 2, what is -100000011110010111 + 1000001?
-100000011101010110
In base 3, what is 122 - 11112220120?
-11112212221
In base 8, what is 2424 - 3200?
-554
In base 16, what is 13044c + -2?
13044a
In base 10, what is -4208 + 221?
-3987
In base 4, what is 1032 - -3123?
10221
In base 13, what is 12 + -6bc?
-6aa
In base 7, what is -336 - -13654?
13315
In base 9, what is -8876 - -6?
-8870
In base 8, what is 1 - -701117?
701120
In base 16, what is 201 - -5ea?
7eb
In base 12, what is 107 + 7438?
7543
In base 3, what is -10002220210 - -2?
-10002220201
In base 3, what is -121 - 21021212?
-21022110
In base 14, what is -66 + -1c84?
-1d0a
In base 4, what is -32201 - 12301?
-111102
In base 13, what is 0 + 7c470?
7c470
In base 7, what is -20553 + -1?
-20554
In base 14, what is 3 - -4718?
471b
In base 3, what is -120 - -120010011?
120002121
In base 11, what is 1a0 - -310?
500
In base 5, what is -14442 - 230?
-20222
In base 6, what is -225 - -101?
-124
In base 10, what is 2719 + 11?
2730
In base 5, what is 0 - -21141433?
21141433
In base 2, what is 11000100001101100 + -100?
11000100001101000
In base 11, what is 2a5 + 105?
3aa
In base 11, what is -241216 + -6?
-241221
In base 14, what is 2 + a002d?
a0031
In base 14, what is -165 - 219?
-380
In base 15, what is 3a0 - -48?
3e8
In base 5, what is 12 - 1013432?
-1013420
In base 3, what is 22 - -10200200?
10200222
In base 5, what is 12 + -3041003?
-3040441
In base 14, what is 17d3 + 7?
17da
In base 11, what is 4 - -9666?
966a
In base 12, what is 91488 + -7?
91481
In base 15, what is 22487 - -a?
22492
In base 11, what is 4 + -a123?
-a11a
In base 16, what is 82 - 41f6?
-4174
In base 4, what is 122010 - 0?
122010
In base 13, what is -b18 - -172?
-976
In base 12, what is -4b24 + 2?
-4b22
In base 8, what is -52 + 47?
-3
In base 7, what is 3061330 - 4?
3061323
In base 14, what is -20 + -1447c?
-1449c
In base 5, what is -20 + -4302321?
-4302341
In base 8, what is 17 + -2137?
-2120
In base 12, what is 8 - 1001b7?
-1001ab
In base 12, what is 926640 - -3?
926643
In base 10, what is -3255493 - 4?
-3255497
In base 16, what is -4a - -19?
-31
In base 7, what is -5402 + 11?
-5361
In base 9, what is 10 + -28640?
-28630
In base 6, what is 3 - 3125252?
-3125245
In base 6, what is 31111500 - 0?
31111500
In base 16, what is -f5 + 34?
-c1
In base 3, what is -12120100000 - 11?
-12120100011
In base 3, what is 2122211 + -2210?
2120001
In base 11, what is -17894 - 0?
-17894
In base 5, what is 10 + -2211220?
-2211210
In base 2, what is 1001001001 + -101111101?
11001100
In base 10, what is 50 - 333?
-283
In base 11, what is -1407 + 1596?
18a
In base 8, what is -2251 - -2?
-2247
In base 4, what is 102232 - -312?
103210
In base 11, what is -3 - 12845?
-12848
In base 10, what is -127 + 26?
-101
In base 7, what is -3 - -42435?
42432
In base 9, what is 55 + -37531?
-37465
In base 9, what is 3 - -1361066?
1361070
In base 4, what is 103030202 - -12?
103030220
In base 16, what is 3ca7 - 18?
3c8f
In base 6, what is -5 - 1353300?
-1353305
In base 14, what is -6098 - 29?
-60c3
In base 9, what is -247130 + -1?
-247131
In base 13, what is -809c - -26?
-8076
In base 9, what is 1253 - -258?
1522
In base 15, what is 88 + -6d4?
-64b
In base 7, what is 23511 + 11?
23522
In base 3, what is 12 - -2212020?
2212102
In base 16, what is 1 + -1e6?
-1e5
In base 13, what is -11 + -12c2a?
-12c3b
In base 16, what is 9f - -1698?
1737
In base 14, what is -1a4 + 63a?
476
In base 14, what is -5648 + -d?
-5657
In base 14, what is -184cd - 0?
-184cd
In base 4, what is 20331 + 1?
20332
In base 10, what is 114660 - -1?
114661
In base 11, what is -15 + 1207a?
12065
In base 12, what is -3 + 9319?
9316
In base 8, what is 7707 - -1243?
11152
In base 14, what is 10b3b - 5?
10b36
In base 2, what is -111111011101010 - 1011111?
-111111101001001
In base 8, what is 331 + 6327?
6660
In base 2, what is -1 + -1110110100011?
-1110110100100
In base 6, what is 111544 + 11?
111555
In base 10, what is 2 - -10672?
10674
In base 7, what is 1161453 + -5?
1161445
In base 5, what is 10 - 421104?
-421044
In base 8, what is 12 + 310465?
310477
In base 13, what is -5 - 89830?
-89835
In base 8, what is 166 - -1406?
1574
In base 10, what is 187824 + -20?
187804
In base 13, what is a413b + -1?
a413a
In base 7, what is 43322554 - 5?
43322546
In base 16, what is 38bc + -4f?
386d
In base 2, what is -1000010110110110 + -11?
-1000010110111001
In base 16, what is -78f - 15?
-7a4
In base 14, what is 12a - 1d?
10b
In base 6, what is 12 - -14201?
14213
In base 7, what is -13 - -22625?
22612
In base 2, what is -1111001101101011 + 100011?
-1111001101001000
In base 12, what is -aa65 - -4?
-aa61
In base 12, what is b5400 - 1?
b53bb
In base 13, what is 1478 + -b?
146a
In base 8, what is -3 - 6224105?
-6224110
In base 12, what is a0 - 253?
-173
In base 9, what is 2 - -25307?
25310
In base 8, what is 5241427 - -3?
5241432
In base 16, what is -5 - -11c7e?
11c79
In base 13, what is -a2 - -70?
-32
In base 6, what is -340414040 + 5?
-340414031
In base 9, what is -5 + 123733?
123727
In base 9, what is -22 + 45787?
45765
In base 12, what is -180625 + 5?
-180620
In base 12, what is 6 + -167?
-161
In base 2, what is -101 - 110000111011111?
-110000111100100
In base 16, what is 3db16 - 5?
3db11
In base 3, what is 10021211 + 11110?
10110021
In base 7, what is 13031 + -30?
13001
In base 11, what is -6 - 8a84?
-8a8a
In base 14, what is 461 - -938?
d99
In base 12, what is -1b5 + 35?
-180
In base 7, what is 5 - -2613115?
2613123
In base 2, what is 10101 + 10001101101010?
10001101111111
In base 12, what is 1 - -711?
712
In base 5, what is -130 + -140010?
-140140
In base 7, what is 1411253 - 3?
1411250
In base 11, what is 136 - -2a840?
2a976
In base 14, what is 6b6751 - 4?
6b674b
In base 6, what is 10153105 + 3?
10153112
In base 4, what is 3321011321 - 10?
3321011311
In base 8, what is 5663770 + -3?
5663765
In base 7, what is 52 - -16110?
16162
In base 11, what is -328 - -927?
5aa
In base 11, what is 192 + 41a7?
4389
In base 15, what is -3 + -4e134?
-4e137
In base 8, what is -403060 - 4?
-403064
In base 13, what is -44 - 24?
-68
In base 13, what is 18 + 18785?
187a0
In base 7, what is -26625 - 112?
-30040
In base 12, what is 55b + 18?
577
In base 16, what is ed + 950?
a3d
In base 14, what is -5 + 3b90?
3b89
In base 5, what is -3 + 102344204?
102344201
In base 12, what is 3 + 11689?
11690
In base 10, what is 3053 - -125?
3178
In base 13, what is -1b - -396?
378
In base 4, what is 203303011 + 3?
203303020
In base 16, what is 259d5 - -9?
259de
In base 15, what is -4 - -9540?
953b
In base 9, what is -37185 - -5?
-37180
In base 5, what is -112 - -1434?
1322
In base 10, what is -338 + -239?
-577
In base 2, what is 111001011001001 - 0?
111001011001001
In base 15, what is -1b + -8525?
-8541
In base 12, what is 18 + -14a3b3?
-14a397
In base 9, what is -241 + 162?
-68
In base 10, what is 549 - -110?
659
In base 4, what is 11 - 102111212?
-102111201
In base 7, what is -6042 - -26?
-6013
In base 9, what is -4 - 17720?
-17724
In base 3, what is -10110 - -20001?
2121
In base 16, what is -16fbbf + 1?
-16fbbe
In base 16, what is -52 + c7?
75
In base 14, what is c14c + 0?
c14c
In base 7, what is -1056 - 11640?
-13026
In base 15, what is -8665 - -5e?
-8606
In base 5, what is -10131213 - 14?
-10131232
In base 16, what is 9 - 1087?
-107e
In base 2, what is 0 + 110010110010?
110010110010
In base 16, what is -6 + 16872?
1686c
In base 2, what is -111001 - -1101100111?
1100101110
In base 7, what is 1462 + -443?
1016
In base 14, what is 8 + 333c?
3346
In base 14, what is 25569 + 3?
2556c
In base 8, what is -420 - 26354?
-26774
In base 7, what is 10 + -312613?
-312603
In base 10, what is 1 - 8496?
-8495
In base 8, what is -1116 + -600?
-1716
In base 11, what is -3 -